 5*o, 0 = -5*y - 4*o + 178. Let q = y - m. Calculate the highest common divisor of q and 68.
17
Let d(o) = 7*o - 18. Let f = 14 + -9. Let u be d(f). Suppose 0*z - 374 = -2*z. Calculate the greatest common factor of z and u.
17
Let l be (-5)/10*12/(-2). Suppose l*a + 4*q = 10, 6*a - 2*a - 15 = -5*q. What is the greatest common divisor of 10 and a?
10
Let y be (-92)/(-5)*(-10)/(-4). Calculate the highest common divisor of y and 69.
23
Let i = 49 + 101. Let s(n) = -n**3 + 5*n**2 - 2*n - 4. Let c be s(4). Suppose i = c*t + t. Calculate the highest common factor of t and 20.
10
Let s = 87 - 84. Suppose 0 = m + 4, -1 = 2*p - s*m - 35. What is the greatest common factor of 77 and p?
11
Let r = 43 - 25. Suppose p = r - 14. Suppose -p*v + 108 = -0*v. What is the highest common factor of v and 3?
3
Let p be (-1*2 - -9) + 2. Suppose y - p + 0 = 0. Suppose 275*x + 15 = 280*x. Calculate the greatest common factor of y and x.
3
Suppose 4 = -4*x - 4. Let s = x - -3. Let v(w) = w**3 + 5*w**2 + 2*w + 1. Let y be v(-4). Calculate the highest common factor of s and y.
1
Let q(r) = -2*r**3 - r**2 + 1. Let t be q(1). Let z be -63*(t + (-8)/(-6)). Let h be 18/z + 3424/14. Calculate the highest common factor of h and 35.
35
Let b be (-306)/(-19) + 18/(-171). Let u(y) = -y**2 - 14*y - 3. Let s be u(-9). Suppose s + 134 = m. What is the highest common divisor of m and b?
16
Let g be (5 - 4) + 1/1. Suppose -i = -g*i. Let p(x) = -x**2 + x + 175. Let w be p(i). What is the greatest common divisor of w and 25?
25
Let s = 158 - 153. Suppose 2*w - 13 + 1 = s*f, -5*f = 4*w - 54. What is the greatest common factor of w and 11?
11
Suppose 5*o - 33*h + 30*h - 116 = 0, 3*o - 78 = -h. What is the greatest common divisor of o and 1075?
25
Suppose t = 0, 4*t = 5*w - 298 - 227. Suppose o + s - 30 = 0, 4*s + 90 = 4*o - 2*o. What is the highest common factor of w and o?
35
Suppose -214 = f - 5*v - 642, -v = -4*f + 1636. Calculate the greatest common factor of 306 and f.
102
Suppose -d - 2 = 0, -2*k + 4*d = 2*k - 40. Let p be (2/(-4))/(5/1440). Let r = -88 - p. What is the greatest common factor of k and r?
8
Suppose 315 = 3*n + 2*n. Let m be (84/8 + -1)*4. Suppose -m + 20 = -2*a. What is the greatest common factor of a and n?
9
Suppose 5*w = w + 60. Let n(u) = w + 4*u - 2*u - 3*u - 2*u. Let t be n(-11). Calculate the greatest common divisor of t and 12.
12
Suppose -50 - 530 = -29*v. What is the highest common factor of 35 and v?
5
Suppose 0 = 5*q - f - 12, 5*q + 5*f = 38 - 8. Suppose 3*c + 2*o + 2*o = 21, 0 = 4*c + 5*o - 27. What is the greatest common factor of q and c?
3
Let p be (38/(-4))/(1791/360 + -5). Calculate the highest common divisor of 20 and p.
20
Let l(k) = -53*k - 12. Let j be l(-1). What is the highest common divisor of j and 1968?
41
Let l(g) = -g**2 + 26*g - 13. Let i be l(7). Calculate the highest common divisor of 45 and i.
15
Let y(s) = 2*s**2 - 5*s + 2. Let l be (-4)/(-10) - (-180)/50. Let t be y(l). Suppose 0 = 4*i - 54 - t. Calculate the greatest common factor of i and 85.
17
Suppose -10*r = 2*r - 5304. Calculate the greatest common divisor of 26 and r.
26
Let r(k) = -k**2 - 11*k - 10. Let p be r(-8). Let x = p + -10. Suppose 0 = -x*v + 5*v - 4. Calculate the highest common divisor of v and 32.
4
Suppose 4*q = 3*z + 2, -5*q + 7 = -5*z + 2*z. What is the highest common divisor of z and 26?
2
Suppose 2*i = -18 + 114. Let y be (6/(-5))/((-34)/85). Suppose -y*g + 7 = -17. What is the greatest common factor of i and g?
8
Let a be 12/21 - (-248)/56. Let c(d) = -d**3 + 5*d**2 + 2*d - 8. Let k be c(a). Calculate the greatest common divisor of k and 4.
2
Let n(d) = d + 10. Let x be n(-6). Suppose -x*g - 4*c - 111 = -7*g, -4*g + 167 = c. What is the greatest common divisor of g and 328?
41
Let v(b) = -7*b**3 - 3*b**2 - 2*b + 2. Let u be v(-2). Let r = 71 - u. Calculate the highest common divisor of r and 147.
21
Let a be (-3)/(4/44 + 2 + -2). Let g = 35 + a. What is the greatest common divisor of g and 8?
2
Suppose 8*v - 217 - 7 = 0. Suppose 0 = 27*g - v*g + 22. What is the highest common divisor of g and 198?
22
Suppose -5*j + 135 + 75 = 0. Let i = j - 14. Suppose -2*t + 38 = -0*d + d, d + 4*t - 34 = 0. What is the greatest common factor of d and i?
14
Let w = -17 - -52. Let n be w + (-2 - (2 + -3 - 1)). Calculate the highest common factor of 7 and n.
7
Let o = 505 + -261. Calculate the greatest common factor of o and 8.
4
Let j be 7 - (1 + (1 - 0)). Suppose -o + 239 = j*q, 5*o = -q - 339 + 1462. What is the greatest common divisor of 28 and o?
28
Let t = -78 - -43. Let h = 77 + t. Suppose -3*l + 3 = -h. Calculate the greatest common factor of 60 and l.
15
Suppose 0 = -5*f + 2*f + 6. Suppose -2*m = 9*m - 44. What is the highest common divisor of m and f?
2
Suppose 10 = 3*p + 145. Let r = p + 57. What is the highest common factor of r and 108?
12
Let n = 274 - -576. Calculate the highest common divisor of 50 and n.
50
Suppose -7*w + 912 = -1853. Calculate the greatest common divisor of 79 and w.
79
Let l be ((2*9)/(-1))/((-12)/546). Let v be (l/6)/(-7)*-4 + -1. Let f = -9 - -20. Calculate the highest common divisor of f and v.
11
Let l = 719 + -514. Calculate the greatest common factor of l and 41.
41
Let z = 7 + -10. Let d(i) = -10*i - 2 + 4*i - i**2 + i - 2. Let q be d(z). Calculate the highest common divisor of 6 and q.
2
Let x(y) = 145*y**3 + y**2 - 4*y + 2. Let f be x(1). Calculate the greatest common divisor of 60 and f.
12
Let q(c) = 2*c - 7. Let m be q(6). Suppose 4*s - 24 = -29*a + 26*a, -15 = -s - 3*a. Suppose m*t = s*t + 14. Calculate the greatest common divisor of 63 and t.
7
Let t = -69 + 117. Let s = -39 + t. What is the greatest common factor of s and 27?
9
Let b be 1/((-1)/(-33)*3). Suppose b*k - 16*k = -70. What is the highest common factor of k and 56?
14
Suppose 5*w = -5*b + 280, 0 = 3*w - b - 112 - 72. Suppose 2*m - w = -10. What is the highest common divisor of 50 and m?
25
Let x be (48 - 4) + 9 + -8. Calculate the greatest common factor of x and 55.
5
Suppose -12 - 11 = -f - 5*s, 0 = 3*f + 3*s - 21. Let m(v) = -2*v + 4. Let z be m(-4). Calculate the highest common divisor of f and z.
3
Let m be 2/((-1)/(2 - 3)). Suppose -4*p + 0 + 340 = 0. Suppose o + p - 11 = 5*i, 0 = -3*i + 3*o + 54. Calculate the greatest common divisor of m and i.
2
Let l(f) = 5*f + 39. Let o be l(9). Let b be 24 + 6/18*(3 - 3). What is the greatest common divisor of b and o?
12
Let y(i) = i**3 + i**2 + 33*i + 152. Let j be y(0). What is the highest common divisor of j and 8?
8
Let d be 4/(-2) - (0 - 5). Suppose 30 + 159 = d*m. Let y = -8 - -17. Calculate the highest common divisor of m and y.
9
Let z(d) be the third derivative of -d**4/8 + 14*d**3/3 - 5*d**2. Let v be z(5). Suppose 2*w + 2*w - 104 = 0. What is the highest common divisor of v and w?
13
Suppose 9*n - 107 = -341. Let s be 1/(-2)*-97 - (-13)/n. Calculate the greatest common factor of s and 6.
6
Suppose -232*u = -238*u + 2142. What is the greatest common factor of u and 51?
51
Suppose -4*d + 0*d = 160. Let s = d - -56. Let h(n) = -n**2 + 19*n - 24. Let y be h(16). Calculate the greatest common factor of y and s.
8
Let f be 42/(-273) + (-232)/13. Let b be (-76)/f + 2/(-9). Suppose -b*n + 177 = 9. Calculate the greatest common factor of 105 and n.
21
Let k be 7 + (1 - 1412/(-10)) - (-8)/10. Let i be (-1)/(-3) - 89/(-3). What is the greatest common factor of i and k?
30
Suppose 2*c - 3 = 2*t + 9, -14 = -5*c - 3*t. Suppose -4*j + 235 - 23 = 4*p, -p = c*j - 203. What is the highest common factor of 25 and j?
25
Let h be 160 - ((-12)/(-3) - 6). Suppose 23 = 2*c + m + 8, -4*c + 45 = -m. Suppose -c = -p + 8. Calculate the highest common divisor of p and h.
18
Let s be -4*((-45)/(-12) + -2). Suppose 2*x + 2*a - 6 = -3*a, 5*a + 42 = 4*x. Let n be x*(-1 - s/4). What is the greatest common factor of n and 66?
6
Suppose 25 = 3*c - 11. Let a be 35 + (-5 + 7 + -7)/(-5). Calculate the highest common factor of a and c.
12
Suppose 4 + 4 = -2*h, 4*h + 31 = 5*s. What is the greatest common divisor of s and 1?
1
Let n = -793 - -870. Calculate the greatest common divisor of 44 and n.
11
Let h(i) = 4*i**2 - 133*i + 265. Let b be h(2). Suppose -2*s + 240 = 2*s. What is the highest common factor of s and b?
15
Suppose 528 = 5*x - p, 7*